56819 a prime number?
True
Is 16869914 a prime number?
False
Is 126248581 a prime number?
True
Is 3310303 a prime number?
False
Is 273118 composite?
True
Is 97006741 a composite number?
True
Is 530753 a composite number?
False
Is 471379511 prime?
False
Is 8840185 a prime number?
False
Is 2772587 a composite number?
True
Is 5177063 a composite number?
True
Is 23302043 composite?
False
Is 32161 a composite number?
True
Is 895 composite?
True
Is 123947738 prime?
False
Is 821723 prime?
False
Is 9587489 a prime number?
True
Is 48581147 a prime number?
True
Is 434699 a prime number?
True
Is 15451717 composite?
True
Is 40507717 a prime number?
False
Is 104563193 a composite number?
True
Is 1222877833 prime?
True
Is 1888753 a prime number?
True
Is 46966289 composite?
False
Is 12907771 a prime number?
True
Is 4245529 composite?
True
Is 10593761 a prime number?
True
Is 853663 prime?
True
Is 106057891 a composite number?
False
Is 232867 a prime number?
False
Is 3672478 composite?
True
Is 4768547 a composite number?
True
Is 143851 composite?
True
Is 2040719 composite?
False
Is 333195497 a composite number?
False
Is 340037133 a prime number?
False
Is 3390376841 prime?
True
Is 7387007 composite?
True
Is 20370754 composite?
True
Is 16666657 a prime number?
False
Is 13863833 a prime number?
False
Is 2457077 a composite number?
True
Is 142589 a prime number?
True
Is 5122541 a composite number?
False
Is 71851 prime?
False
Is 1051723 a prime number?
False
Is 40984351 a prime number?
True
Is 55507801 composite?
True
Is 3919373 composite?
True
Is 1725767 prime?
True
Is 10709131 composite?
True
Is 27302501 a composite number?
False
Is 34305833 a prime number?
False
Is 38498641 composite?
True
Is 107044807 composite?
False
Is 7545113 a prime number?
True
Is 35162393 a composite number?
True
Is 1299079 a composite number?
False
Is 278942611 prime?
False
Is 1618241 a composite number?
False
Is 6247307 a prime number?
False
Is 462067 a composite number?
False
Is 2333 a prime number?
True
Is 55273587 composite?
True
Is 9980041 a composite number?
True
Is 7055857 prime?
True
Is 9258657 composite?
True
Is 285911 composite?
True
Is 407975591 a composite number?
False
Is 76232459 prime?
True
Is 10074059 a composite number?
False
Is 522063121 composite?
False
Is 16789243 prime?
True
Is 20782277 composite?
False
Is 102229879 a composite number?
False
Is 5349709 prime?
False
Is 15858961 composite?
False
Is 19947343 a composite number?
True
Is 226880471 a prime number?
True
Is 23639569 a composite number?
False
Is 40618747 prime?
False
Is 38419151 a composite number?
True
Is 526582789 a prime number?
False
Is 8529601 a prime number?
True
Is 4574603 a composite number?
True
Is 98940571 a prime number?
False
Is 1289101 a prime number?
False
Is 48080521 a composite number?
True
Is 453962161 composite?
False
Is 337096721 a prime number?
False
Is 29024819 a composite number?
False
Is 5196427 a prime number?
True
Is 124397311 a composite number?
True
Is 11494229 composite?
False
Is 26713559 a prime number?
False
Is 32567627 a composite number?
False
Is 141931 a prime number?
True
Is 1744328255 a prime number?
False
Is 1429026901 a prime number?
True
Is 4943203 a prime number?
False
Is 28665139 prime?
True
Is 79452523 a prime number?
True
Is 65648207 a prime number?
False
Is 45582583 a composite number?
False
Is 1221049 prime?
True
Is 146552591 a prime number?
False
Is 3596323 composite?
False
Is 1872781 composite?
True
Is 14581933 composite?
True
Is 15267493 a prime number?
True
Is 1300679 a prime number?
False
Is 7859767 composite?
True
Is 8612911 a composite number?
True
Is 132431749 prime?
False
Is 1461531 composite?
True
Is 25830911 a composite number?
True
Is 14950913 a composite number?
False
Is 176941 a composite number?
True
Is 2188763 composite?
True
Is 315324587 a composite number?
True
Is 35079457 composite?
True
Is 29816177 prime?
True
Is 2549423 a prime number?
True
Is 38211959 a prime number?
False
Is 2088403 a composite number?
False
Is 15491149 a prime number?
True
Is 7415869 prime?
True
Is 13772566 prime?
False
Is 2307919 composite?
True
Is 3652307 a composite number?
True
Is 83801249 composite?
True
Is 125393 prime?
False
Is 458953337 prime?
False
Is 21235517 composite?
False
Is 13185593 prime?
True
Is 4316582 prime?
False
Is 7087853 prime?
True
Is 3019819 a composite number?
True
Is 1057631 a prime number?
True
Is 12738119 composite?
False
Is 81136613 composite?
True
Is 497093 composite?
False
Is 37800599 a prime number?
True
Is 884651 a composite number?
False
Is 4241879 a prime number?
False
Is 3997229 prime?
False
Is 185689753 prime?
True
Is 51123971 a prime number?
True
Is 120517 prime?
False
Is 309234041 prime?
True
Is 14480569 composite?
True
Is 466429319 prime?
True
Is 2365351 a prime number?
True
Is 87643573 prime?
False
Is 10981021 composite?
True
Is 226097 a prime number?
False
Is 22052155 a composite number?
True
Is 3829211 prime?
False
Is 968923 a prime number?
False
Is 6396107 a composite number?
True
Is 35561717 a composite number?
True
Is 244603097 a prime number?
True
Is 190862411 a prime number?
False
Is 268637 a prime number?
True
Is 10028777 prime?
False
Is 10846877 prime?
False
Is 2729227 prime?
True
Is 5010809 a prime number?
False
Is 341109397 prime?
False
Is 471209 a composite number?
False
Is 74503549 a composite number?
False
Is 7703863 composite?
True
Is 11341513 prime?
True
Is 32358773 a composite number?
False
Is 1454191 composite?
False
Is 155609 prime?
True
Is 3996467 a composite number?
False
Is 1237549 composite?
True
Is 91489934 a composite number?
True
Is 8644445 a composite number?
True
Is 33875493 a prime number?
False
Is 7826911 a composite number?
True
Is 69718109 a prime number?
False
Is 207018233 a composite number?
False
Is 1623403 composite?
False
Is 64345583 composite?
False
Is 1339487 prime?
True
Is 129443 a composite number?
False
Is 207591985 composite?
True
Is 124810157 a composite number?
False
Is 26420179 composite?
True
Is 271295263 a prime number?
True
Is 11708777 a prime number?
True
Is 1711685 composite?
True
Is 129341057 a composite number?
False
Is 462713 a prime number?
True
Is 212091157 a prime number?
False
Is 2959301 a composite number?
False
Is 4133923 composite?
False
Is 9198201 a prime number?
False
Is 74149 prime?
True
Is 60271837 composite?
False
Is 1882883 a composite number?
True
Is 20204233 prime?
False
Is 143887747 a composite number?
True
Is 7280939 composite?
True
Is 13317189 a composite number?
True
Is 93737737 a composite number?
True
Is 2746346 a prime number?
False
Is 91423357 a composite number?
True
Is 1160577589 a prime number?
False
Is 41033557 a composite number?
True
Is 11994193 prime?
True
Is 578427155 composite?
True
Is 370477 a prime number?
True
Is 3769849 a prime number?
False
Is 151117489 composite?
True
Is 1959281 prime?
False
Is 36217733 a composite number?
True
Is 18171203 a prime number?
True
Is 162187087 a composite number?
False
Is 105865417 composite?
True
Is 72086591 prime?
True
Is 9668917 a prime number?
False
Is 3996247 a prime number?
False
Is 78379 prime?
False
Is 18429139 composite?
True
Is 217448885 a composite number?
True
Is 15925289 composite?
True
Is 3365029 prime?
True
Is 1714387 a composite number?
False
Is 8389543 prime?
False
Is 9315143 composite?
False
Is 142548143 prime?
True
Is 103217459 a composite number?
True
Is 90360082 composite?
True
Is 5410765 composite?
True
Is 481169 a composite number?
True
Is 6880541 composite?
False
Is 326996015 composite?
True
Is 1580927 composite?
True
Is 2912749 a composite number?
True
Is 46112917 a composite number?
True
Is 516481 a composite number?
True
Is 58532009 prime?
True
Is 56434897 a prime number?
True
Is 2837 a composite number?
False
Is 9874571 a composite number?
True
Is 38645011 composite?
False
Is 11159413 a prime number?
True
Is 38071259 prime?
False
Is 40722523 a composite number?
False
Is 55938257 a composite number?
False
Is 204440813 a composite number?
True
Is 2752783 a prime number?
False
Is 17797711 prime?
False
Is 13439873 composite?
True
Is 33515849 a prime number?
True
Is 67806043 composite?
False
Is 443089 a prime number?
True
Is 71551147 a prime number?
False
Is 927842 prime?
False
Is 515096